me?
False
Is 21737159 prime?
False
Is 36352867 a prime number?
True
Is 114255959 composite?
False
Is 85389377 prime?
False
Is 742211 prime?
True
Is 650062301 composite?
True
Is 217817 composite?
True
Is 110254679 composite?
False
Is 3811979 a prime number?
True
Is 47640514 composite?
True
Is 75824743 a prime number?
False
Is 29485291 a prime number?
False
Is 3785461 a prime number?
False
Is 15922117 prime?
False
Is 235253011 prime?
False
Is 94323947 prime?
True
Is 137603465 a prime number?
False
Is 22535101 prime?
False
Is 2746759 composite?
True
Is 38809601 prime?
False
Is 125496687 prime?
False
Is 211901971 composite?
False
Is 2844385 prime?
False
Is 13453447 a prime number?
False
Is 39195985 a composite number?
True
Is 327707 prime?
True
Is 339367 composite?
True
Is 1654464337 a composite number?
False
Is 15562109 a composite number?
True
Is 4301339 a prime number?
False
Is 20507649 composite?
True
Is 573137137 prime?
True
Is 55978493 a prime number?
False
Is 3373681 a composite number?
False
Is 1065923 a prime number?
False
Is 2299793 a prime number?
False
Is 56643749 a composite number?
False
Is 256075166 a composite number?
True
Is 204133 a composite number?
False
Is 35428753 prime?
False
Is 41698169 a prime number?
False
Is 16242781 composite?
False
Is 99606049 prime?
True
Is 126959753 prime?
True
Is 121482947 prime?
False
Is 12348241 composite?
False
Is 2271383 prime?
True
Is 1393321 a composite number?
True
Is 73358447 prime?
True
Is 18326573 a prime number?
True
Is 16868321 composite?
False
Is 4112659 prime?
False
Is 55276433 a prime number?
False
Is 1155655 a prime number?
False
Is 157878529 prime?
True
Is 867487 prime?
True
Is 12222349 composite?
False
Is 25813261 a composite number?
False
Is 760300063 prime?
True
Is 16277501 a composite number?
False
Is 969509 composite?
False
Is 23236693 composite?
True
Is 40974511 a composite number?
False
Is 5807797 a prime number?
True
Is 463157 a prime number?
True
Is 467431 prime?
True
Is 1759295 composite?
True
Is 25132867 a composite number?
False
Is 17533 prime?
False
Is 1743013 composite?
False
Is 12613457 a composite number?
False
Is 29669561 a prime number?
False
Is 318854945 a composite number?
True
Is 212165411 composite?
True
Is 746139143 composite?
False
Is 44802937 a composite number?
False
Is 549823 a composite number?
True
Is 1789231 prime?
False
Is 378903517 a composite number?
False
Is 313873 a composite number?
True
Is 1352839 prime?
True
Is 142997143 composite?
False
Is 2001073 a prime number?
True
Is 3351883 composite?
False
Is 105633221 prime?
False
Is 57693133 a composite number?
False
Is 4953413 a prime number?
True
Is 1962613 composite?
True
Is 87867097 prime?
True
Is 9094751 a prime number?
False
Is 95349223 a prime number?
False
Is 2474107 prime?
False
Is 71991991 prime?
False
Is 22564645 a composite number?
True
Is 10325129 prime?
False
Is 17635301 a prime number?
True
Is 182427571 a prime number?
True
Is 964559 prime?
True
Is 131071 prime?
True
Is 30542243 prime?
True
Is 2102861 a composite number?
True
Is 167611 a composite number?
False
Is 26742851 a prime number?
True
Is 22613369 prime?
True
Is 2769751 composite?
False
Is 2763169 composite?
False
Is 5381273 composite?
False
Is 4579747 prime?
False
Is 127139249 composite?
False
Is 5648273 prime?
True
Is 438397 a prime number?
False
Is 2747101 a prime number?
False
Is 255709 a composite number?
False
Is 34834981 prime?
False
Is 70563979 a composite number?
True
Is 180909209 composite?
True
Is 37003729 a composite number?
True
Is 50883977 composite?
False
Is 18539353 a prime number?
False
Is 34194233 prime?
True
Is 30553071 composite?
True
Is 183332486 prime?
False
Is 3330661 composite?
True
Is 8413819 a prime number?
False
Is 79967237 a composite number?
True
Is 84390727 a prime number?
True
Is 256705103 a prime number?
False
Is 18105797 prime?
True
Is 12834047 a composite number?
False
Is 181636867 prime?
True
Is 965382311 prime?
True
Is 536540195 a prime number?
False
Is 42713653 composite?
True
Is 490223 composite?
False
Is 802981 a composite number?
True
Is 36966218 composite?
True
Is 695970641 a prime number?
True
Is 1033406383 a composite number?
True
Is 10631593 prime?
False
Is 39766633 composite?
False
Is 10521851 a composite number?
False
Is 38342801 a composite number?
True
Is 31406137 a prime number?
False
Is 17078683 composite?
False
Is 4032839 prime?
True
Is 4318429 a composite number?
False
Is 1826939 a composite number?
True
Is 116063033 prime?
True
Is 56124521 prime?
True
Is 159850151 prime?
False
Is 37032187 prime?
False
Is 1158239 a prime number?
False
Is 2554843 prime?
True
Is 18767819 composite?
True
Is 15949981 composite?
True
Is 132180313 a composite number?
False
Is 16288021 a composite number?
False
Is 8506643 a prime number?
True
Is 2183614 a composite number?
True
Is 145701839 prime?
True
Is 4535327 a composite number?
True
Is 9171419 a prime number?
False
Is 90142033 a composite number?
False
Is 302063129 a prime number?
True
Is 620321621 a prime number?
True
Is 542960035 a composite number?
True
Is 970869 a prime number?
False
Is 220810727 composite?
True
Is 507544709 composite?
True
Is 9976607 a composite number?
False
Is 22229953 prime?
False
Is 8069421 prime?
False
Is 29873678 a prime number?
False
Is 87849569 prime?
True
Is 13101761 prime?
False
Is 3306997 composite?
True
Is 4617073 a composite number?
False
Is 26549815 composite?
True
Is 5138786 a prime number?
False
Is 323137 a composite number?
False
Is 3744569 prime?
False
Is 1231757 a composite number?
False
Is 19531987 prime?
True
Is 1565561 prime?
True
Is 760841 composite?
False
Is 2058161 a prime number?
False
Is 14002267 a composite number?
False
Is 31071553 a prime number?
True
Is 499077077 a prime number?
True
Is 70693 prime?
False
Is 757993 composite?
False
Is 50323551 composite?
True
Is 7146511 a composite number?
True
Is 83738873 a composite number?
True
Is 1399127 a composite number?
True
Is 73857415 a composite number?
True
Is 25123169 a composite number?
True
Is 3347821817 a prime number?
True
Is 6158343 a prime number?
False
Is 16179367 a composite number?
False
Is 1084001 a composite number?
False
Is 2492443 a prime number?
True
Is 2111457 prime?
False
Is 68601391 a composite number?
False
Is 1772273 a composite number?
False
Is 216152465 a prime number?
False
Is 6197123 a composite number?
False
Is 44683 a prime number?
True
Is 6891551 prime?
True
Is 164693027 prime?
True
Is 19092937 prime?
True
Is 3864173 a prime number?
False
Is 53385331 a composite number?
True
Is 7960803 composite?
True
Is 88523489 prime?
False
Is 4971611 a composite number?
True
Is 5608567 a composite number?
False
Is 21699247 composite?
False
Is 129433009 prime?
True
Is 4339289 composite?
False
Is 10331 prime?
True
Is 213809581 prime?
False
Is 18068333 a composite number?
False
Is 208424467 prime?
True
Is 1468354573 a composite number?
True
Is 49798657 a prime number?
False
Is 30770039 prime?
True
Is 249089 composite?
False
Is 39038893 a composite number?
False
Is 30281647 a composite number?
True
Is 3303637 a composite number?
False
Is 8095963 composite?
False
Is 738492011 a prime number?
True
Is 1770617 a composite number?
False
Is 5551157 a composite number?
False
Is 701443 a prime number?
True
Is 1042183 prime?
True
Is 1894853 composite?
False
Is 2639759 prime?
True
Is 5139451 a composite number?
False
Is 44416513 a prime number?
True
Is 40404457 composite?
False
Is 7804843 prime?
False
Is 1059110423 composite?
True
Is 8044331 a prime number?
True
Is 1242343 a prime number?
False
Is 2926403 composite?
False
Is 359797 a prime number?
False
Is 7612273 prime?
True
Is 33871523 composite?
True
Is 731359 a prime number?
True
Is 17775179 a composite number?
False
Is 38470837 a composite number?
True
Is 648572459 prime?
False
Is 11738071 composite?
True
Is 4805915 prime?
False
Is 2893711 composite?
True
Is 124500734 a composite number?
True
Is 26263465 a prime number?
False
Is 112405009 a prime number?
True
Is 2199113 composite?
True
Is 7284049 composite?
True
Is 1036829 prime?
True
Is 1154689 composite?
True
Is 17994287 composite?
True
Is 1688002 composite?
True
Is 4316047 composite?
False
Is 857687 a composite number?
False
Is 6791606 pri